5*a + 3*q. Is a a composite number?
True
Let b(k) be the third derivative of -8*k**2 + 0 + 0*k + 15/8*k**4 - 47/6*k**3. Is b(20) composite?
False
Let r(b) = 875*b**2 - 1090*b + 16. Is r(9) prime?
False
Let b(w) = w**3 + 181*w**2 - 752*w + 285. Is b(-166) a prime number?
True
Suppose 0*x = -11*x + 15620. Suppose -16*z + 21*z - x = 0. Let r = z + -163. Is r composite?
True
Suppose 3*d + 338191 = 2*x, -2*x + 109082 = d - 229129. Is x composite?
True
Let c(z) = 33*z + 24257. Let k be c(0). Suppose 0 = 9*t - 46204 - k. Is t a prime number?
True
Suppose -4*r + 67676 = -2*u, 0 = r - 4*r - 4*u + 50757. Is 3*(-1)/((-21)/r) a prime number?
True
Suppose 0 = 8*u - 34 - 6. Suppose -4*p = -2*l + 2150, u*l - 5391 = 4*p - 2*p. Is l prime?
False
Suppose -11*x + 8*x = -3*b - 2280, 2*b - 2285 = -3*x. Suppose -3*s = x - 2843. Is s a composite number?
True
Let o(u) = u**3 - 36*u**2 + 69*u - 11. Let c be o(34). Suppose -24*r + 5813 = -c*r. Is r prime?
True
Suppose 146*o = 251*o - 121*o + 3480352. Is o prime?
False
Let a be -5 + 2 + 0 + (20 - 15). Suppose -4*g - 9870 = -2*f, 19716 = 6*f - a*f + 4*g. Is f a prime number?
True
Suppose 20*a + 2*a + 114796 = 0. Let f = -381 - a. Is f prime?
False
Let t = 3777526 - 2513157. Is t composite?
True
Let k(a) = -2*a**3 + a**2 + a. Let q be k(-1). Let g be (-14)/(-7)*q*1. Is 2*(-6)/g + 652 a composite number?
True
Let c(b) = 2*b + 562. Let j be 1 + (6/(-21) - (-25)/(-35)). Let d be (-3 - -2 - 6/(-4))*j. Is c(d) a prime number?
False
Let r(y) = 2*y**3 + 2*y**2 + 4*y + 10. Let u be r(-3). Is (1/4*u - 3)*-2 composite?
True
Let r be 85/25 + (-4)/10. Let w(l) = -39*l**2 + 6*l - 11. Let m(g) = -38*g**2 + 5*g - 10. Let c(j) = -7*m(j) + 6*w(j). Is c(r) a prime number?
False
Suppose 37*r = 20*r + 494003. Is r prime?
True
Let o(r) be the second derivative of r**5/4 - 19*r**4/12 + 2*r**3 - 109*r**2/2 - 2*r + 182. Is o(20) prime?
True
Let j(z) = 44*z**2 - 22*z - 19. Suppose 106 - 138 = 2*y. Is j(y) a composite number?
False
Let l be (-25)/175 + 2 + (-1)/(-7). Suppose 514 = l*d + t, d + t = -4*d + 1285. Is d a prime number?
True
Let h be 1*-30*20/15. Let b be h/12*(0 + 2 - 5). Let x(n) = n**2 + 13*n - 16. Is x(b) composite?
True
Suppose -2517544 = -2*n - 11*n + 5*n. Is n composite?
False
Suppose -5*d + 0*b = 18*b - 350431, 3*d + 2*b - 210241 = 0. Is d composite?
False
Let b = 502741 - 22728. Is b a prime number?
True
Let n = 199 + -171. Suppose 993 = -n*s + 5333. Is s a composite number?
True
Let c(y) = 3472*y + 7291. Is c(63) a composite number?
False
Suppose -95*n = -279*n + 345736. Let h be (-1)/(-2)*(2 - -3330). Let f = n + h. Is f composite?
True
Suppose 0 = -5*n - 0 + 140. Let b be (-2)/((-24)/n) + 4/6. Suppose 5*a = -b*v + 1433, -a + 2*a + 2407 = 5*v. Is v a composite number?
True
Suppose 0*b = -3*b + 24. Suppose -7*v - b = -8. Suppose u - 9*u + 5192 = v. Is u prime?
False
Suppose -10*o = -9*o + 15759. Is 3 - -2 - (7 + (o - 4)) composite?
False
Suppose -2*p = 18*p - 182000. Suppose -3*k = 5*j - 0*k - p, 5*j = -4*k + 9095. Is j prime?
True
Suppose -4*g + 10 = 2. Let n be -2*(-4)/8 + (800 - g). Is n/4 - (-21)/(-28) a composite number?
False
Let m(w) = -15*w**3 + 34*w**2 - 49*w + 249. Is m(-25) a prime number?
True
Let d be 27/(-15) + 1 - (-196)/20. Is 72/d + 0 - -18165 prime?
False
Let k = 582489 - 147812. Is k composite?
True
Suppose -x = -0*x + 5*k + 3, -k = -5*x + 11. Suppose 5*c - 27 = -2*l, -x*l + 9 = -3*l + 2*c. Is -3 + (4 + l + -4)*40 composite?
False
Let u(b) = -b**3 + b**2 + 23*b - 10. Let q be u(5). Suppose -p + 5*f + 2006 = 0, 2*p = -3*f - 1013 + 4999. Suppose -p = -q*k + k. Is k prime?
True
Let q(a) = 4*a + 6317 + 16*a**2 - 4*a**2 - 10*a**2. Is q(0) prime?
True
Let o(m) = 3*m**2 + 6*m - 47. Suppose v = -3*v - 4*c - 448, -566 = 5*v - c. Let u = 135 + v. Is o(u) a prime number?
False
Let p(r) = -16*r**3 + 17*r**2 - 156*r - 88. Is p(-39) a composite number?
False
Let b(y) be the first derivative of -11*y**4/4 - 2*y**3/3 - 3*y**2 + 2*y + 62. Is b(-5) a prime number?
False
Suppose -1474265 = -11*q + 1678282 - 886954. Is q a composite number?
False
Let i(u) = 430*u**2 + u - 8. Let a(h) = h**3 - 9*h**2 + 16*h - 10. Let r be a(7). Suppose 14*p = 16*p - r. Is i(p) a prime number?
False
Suppose 3*b = 5*m + 1736, -4*m = -0 - 20. Suppose 2*l + w = b, 13*l = 10*l + 2*w + 863. Is l composite?
True
Let h be (-5)/2*13652/(-5). Let a = h - 3393. Is a a composite number?
False
Suppose 5*g = -c + 22, 3*g - 12 = -g. Let z(j) = j**3 - 7*j**2 + 3*j - 9. Let o be z(c). Suppose -9*b - 1221 = -o*b. Is b a prime number?
False
Let q = 9 - 2. Suppose -9*u + q*u + 1578 = 0. Suppose -4*m = -u + 161. Is m composite?
False
Let a = 212618 + -37099. Is a a prime number?
True
Let s be 9*(-1)/(-15)*5. Suppose 2*b + 2*j = 672, 0*j - j = -s*b + 1004. Is b composite?
True
Suppose -6*r + 6095 = 1289. Suppose -5*u + 25 = 0, -2*x - 5*u + 6*u + r = 0. Is x a prime number?
False
Let k be -31 - ((1 - 0) + -6). Let s = k - -40. Suppose 5 - s = -3*o, o - 294 = -3*n. Is n composite?
False
Let r(v) = -v + 19. Let l be r(16). Suppose -4*a = l*a - 119. Suppose -16*s + a*s = 77. Is s a composite number?
True
Suppose -1589220 = -15*q + 900075. Is q a prime number?
False
Let x be 462/63*((-15)/(-2))/(-5). Is ((-18909)/(-27))/x*-129 a composite number?
True
Suppose 10*n + 11650 = 15*n. Let i = n - 334. Suppose 23*o - 19*o = i. Is o a prime number?
True
Let w be -7*(-1)/(-2)*64. Suppose k - 733 = -5*q, -157*k + 5*q = -152*k - 3605. Let b = k + w. Is b prime?
True
Suppose -6 = -3*y + 4*t, y = -3*y - 5*t + 8. Let o(a) = 2869*a - 7. Is o(y) composite?
True
Let f be (-32)/(-18) + -2 - 4350/(-135). Suppose 4*b - 4 = 0, -5*i - 5*b + f = -2*i. Suppose -i*o + 2*o = -16877. Is o composite?
False
Let s be (17127/4)/((-2)/(-8)). Let i be 2/4 - s/(-22). Suppose 3*m = 6*x - 5*x + i, 0 = -m + 5*x + 269. Is m a composite number?
True
Let z(x) = -594*x - 221. Is z(-4) a prime number?
False
Suppose -2*a + n - 6 = 0, 5*a - 6 = 4*n - 18. Let z be 1 + (9 - 4) + a. Suppose 5*d = v - 4*v + 8891, 2*d - z*v = 3550. Is d composite?
False
Let d = 9645 + -5149. Let p = 2451 + d. Is p a prime number?
True
Let i(v) = 852*v + 98. Suppose -33*m + 35*m = 36. Is i(m) composite?
True
Suppose 0*n = -5*n + 1210. Suppose -9395 + 3857 = -192*q + 7518. Suppose 0 = -10*m + n + q. Is m composite?
False
Let j = 166 - 164. Suppose j*q + 582 = -4*s + 10896, -2*s - 5*q + 5137 = 0. Is s a composite number?
True
Let q = -13068 + 21330. Suppose 0 = 4*o - 8*u + 6*u - q, 2043 = o + 4*u. Is o composite?
False
Let n = -24 - -29. Suppose n*p - 992 = 5298. Suppose y = -2*w + p, 0*w - y = -4*w + 2528. Is w a composite number?
False
Suppose -p + 2*y + 4 = -8, 5 = 5*p + y. Is (1005 + 4)/((-4)/((-8)/p)) a prime number?
True
Let k = 518 - 581. Let p = 3496 + k. Is p a composite number?
False
Let j(v) be the second derivative of 5*v**4/12 + v**3/2 - 13*v**2/2 + 5*v. Let l = -33 - -27. Is j(l) a composite number?
False
Is (3/(-16)*387164/453)/(2/(-3352)) a prime number?
False
Let j(f) = -528*f - 5. Let y = -433 + 427. Is j(y) a composite number?
False
Let u(k) = 2404*k - 65. Let y be u(-2). Is ((y + 2)*(-2 + 1))/1 a composite number?
False
Let x(w) = 261*w + 52. Let r be x(8). Suppose 3*c = 2*p - 3*p + r, 2*c = -6. Is p composite?
True
Suppose -383*k + 385606 = -357*k. Is k composite?
False
Suppose 3*s - 807091 = 5*q, 25*q - 29*q = -s + 269049. Is s a prime number?
False
Let g(o) = 24200*o**2 - 12*o - 25. Is g(-3) composite?
True
Suppose 2504 = -6*f + 7*f. Suppose 9*l - 13075 = f. Is l a prime number?
False
Let z(a) = 2*a**2 + 2*a + 16. Let i = -45 - -45. Let s be z(i). Suppose -590 = -s*b + 14*b. Is b composite?
True
Suppose -i - 3*b = -50675, -b = 2*i - 2009 - 99321. Suppose 10135 = k + f, 5*k - i = 2*f - f. Is k a prime number?
True
Suppose -153*i + 155*i - 36 = 0. Is 292*(i/(-8))/(0 - 3) a prime number?
False
Suppose -103*s + 98*s + 921983 = -3*i, -4*s + i = -737592. Is s a prime number?
False
Is 2*97464 - -5 - (3 - (5 - 2)) a prime number?
True
Let m(k) = 62*k**2 - 25*k + 14. Let d(c) = -c**2 + 2*c - 1. Let p(n) = 3*d(n) + m(n). Is p(3) composite?
True
Let u = -14720 + 127621. Is u a prime number?
True
Suppose 4*x = -k + 20837, -5*k + 167727 = 4*x + 63494. Is k a prime number?
True
Suppose -274280 = l - 9*l. Suppose -l = -n + 6*